{"id":1347,"date":"2022-12-01T08:09:08","date_gmt":"2022-12-01T11:09:08","guid":{"rendered":"http:\/\/espacioiluminacion.com.ar\/?product=tunita"},"modified":"2022-12-01T08:09:08","modified_gmt":"2022-12-01T11:09:08","slug":"tunita","status":"publish","type":"product","link":"http:\/\/espacioiluminacion.com.ar\/?product=tunita","title":{"rendered":"TUNITA"},"content":{"rendered":"<p>L\u00e1mpara de mesa<br \/>\nMadera torneada a mano:<br \/>\nGuatamb\u00fa natural, cedro natural o acabado nogal.<br \/>\nVidrio opal satinado<br \/>\nPotencia de 1x8W 3000K Dimensiones \u00d810 cm x 18cm<br \/>\nCOLOR: MADERA<\/p>\n","protected":false},"excerpt":{"rendered":"<p>L\u00e1mpara de mesa Madera torneada a mano: Guatamb\u00fa natural, cedro natural o acabado nogal. Vidrio opal satinado Potencia de 1x8W 3000K Dimensiones \u00d810 cm x 18cm COLOR: MADERA<\/p>\n","protected":false},"featured_media":1181,"comment_status":"open","ping_status":"closed","template":"","meta":{"site-sidebar-layout":"default","site-content-layout":"default","ast-global-header-display":"","ast-main-header-display":"","ast-hfb-above-header-display":"","ast-hfb-below-header-display":"","ast-hfb-mobile-header-display":"","site-post-title":"","ast-breadcrumbs-content":"","ast-featured-img":"","footer-sml-layout":"","theme-transparent-header-meta":"","adv-header-id-meta":"","stick-header-meta":"","header-above-stick-meta":"","header-main-stick-meta":"","header-below-stick-meta":""},"product_cat":[29],"product_tag":[],"class_list":{"0":"post-1347","1":"product","2":"type-product","3":"status-publish","4":"has-post-thumbnail","6":"product_cat-lampara-de-mesa","7":"desktop-align-left","8":"tablet-align-left","9":"mobile-align-left","11":"first","12":"instock","13":"shipping-taxable","14":"product-type-simple"},"yoast_head":"<!-- This site is optimized with the Yoast SEO plugin v19.11 - https:\/\/yoast.com\/wordpress\/plugins\/seo\/ -->\n<title>TUNITA - Espacioiluminacion<\/title>\n<meta name=\"robots\" content=\"index, follow, max-snippet:-1, max-image-preview:large, max-video-preview:-1\" \/>\n<link rel=\"canonical\" href=\"http:\/\/espacioiluminacion.com.ar\/?product=tunita\" \/>\n<meta property=\"og:locale\" content=\"es_ES\" \/>\n<meta property=\"og:type\" content=\"article\" \/>\n<meta property=\"og:title\" content=\"TUNITA - Espacioiluminacion\" \/>\n<meta property=\"og:description\" content=\"L\u00e1mpara de mesa Madera torneada a mano: Guatamb\u00fa natural, cedro natural o acabado nogal. Vidrio opal satinado Potencia de 1x8W 3000K Dimensiones \u00d810 cm x 18cm COLOR: MADERA\" \/>\n<meta property=\"og:url\" content=\"http:\/\/espacioiluminacion.com.ar\/?product=tunita\" \/>\n<meta property=\"og:site_name\" content=\"Espacioiluminacion\" \/>\n<meta name=\"twitter:card\" content=\"summary_large_image\" \/>\n<script type=\"application\/ld+json\" class=\"yoast-schema-graph\">{\"@context\":\"https:\/\/schema.org\",\"@graph\":[{\"@type\":\"WebPage\",\"@id\":\"http:\/\/espacioiluminacion.com.ar\/?product=tunita\",\"url\":\"http:\/\/espacioiluminacion.com.ar\/?product=tunita\",\"name\":\"TUNITA - Espacioiluminacion\",\"isPartOf\":{\"@id\":\"http:\/\/espacioiluminacion.com.ar\/#website\"},\"datePublished\":\"2022-12-01T11:09:08+00:00\",\"dateModified\":\"2022-12-01T11:09:08+00:00\",\"breadcrumb\":{\"@id\":\"http:\/\/espacioiluminacion.com.ar\/?product=tunita#breadcrumb\"},\"inLanguage\":\"es-AR\",\"potentialAction\":[{\"@type\":\"ReadAction\",\"target\":[\"http:\/\/espacioiluminacion.com.ar\/?product=tunita\"]}]},{\"@type\":\"BreadcrumbList\",\"@id\":\"http:\/\/espacioiluminacion.com.ar\/?product=tunita#breadcrumb\",\"itemListElement\":[{\"@type\":\"ListItem\",\"position\":1,\"name\":\"Inicio\",\"item\":\"http:\/\/espacioiluminacion.com.ar\/\"},{\"@type\":\"ListItem\",\"position\":2,\"name\":\"Cat\u00e1logo\",\"item\":\"http:\/\/espacioiluminacion.com.ar\/?page_id=74\"},{\"@type\":\"ListItem\",\"position\":3,\"name\":\"TUNITA\"}]},{\"@type\":\"WebSite\",\"@id\":\"http:\/\/espacioiluminacion.com.ar\/#website\",\"url\":\"http:\/\/espacioiluminacion.com.ar\/\",\"name\":\"Espacioiluminacion\",\"description\":\"\",\"publisher\":{\"@id\":\"http:\/\/espacioiluminacion.com.ar\/#organization\"},\"potentialAction\":[{\"@type\":\"SearchAction\",\"target\":{\"@type\":\"EntryPoint\",\"urlTemplate\":\"http:\/\/espacioiluminacion.com.ar\/?s={search_term_string}\"},\"query-input\":\"required name=search_term_string\"}],\"inLanguage\":\"es-AR\"},{\"@type\":\"Organization\",\"@id\":\"http:\/\/espacioiluminacion.com.ar\/#organization\",\"name\":\"Espacioiluminacion\",\"url\":\"http:\/\/espacioiluminacion.com.ar\/\",\"logo\":{\"@type\":\"ImageObject\",\"inLanguage\":\"es-AR\",\"@id\":\"http:\/\/espacioiluminacion.com.ar\/#\/schema\/logo\/image\/\",\"url\":\"http:\/\/espacioiluminacion.com.ar\/wp-content\/uploads\/2022\/08\/logo.png\",\"contentUrl\":\"http:\/\/espacioiluminacion.com.ar\/wp-content\/uploads\/2022\/08\/logo.png\",\"width\":1080,\"height\":1080,\"caption\":\"Espacioiluminacion\"},\"image\":{\"@id\":\"http:\/\/espacioiluminacion.com.ar\/#\/schema\/logo\/image\/\"}}]}<\/script>\n<!-- \/ Yoast SEO plugin. -->","yoast_head_json":{"title":"TUNITA - Espacioiluminacion","robots":{"index":"index","follow":"follow","max-snippet":"max-snippet:-1","max-image-preview":"max-image-preview:large","max-video-preview":"max-video-preview:-1"},"canonical":"http:\/\/espacioiluminacion.com.ar\/?product=tunita","og_locale":"es_ES","og_type":"article","og_title":"TUNITA - Espacioiluminacion","og_description":"L\u00e1mpara de mesa Madera torneada a mano: Guatamb\u00fa natural, cedro natural o acabado nogal. Vidrio opal satinado Potencia de 1x8W 3000K Dimensiones \u00d810 cm x 18cm COLOR: MADERA","og_url":"http:\/\/espacioiluminacion.com.ar\/?product=tunita","og_site_name":"Espacioiluminacion","twitter_card":"summary_large_image","schema":{"@context":"https:\/\/schema.org","@graph":[{"@type":"WebPage","@id":"http:\/\/espacioiluminacion.com.ar\/?product=tunita","url":"http:\/\/espacioiluminacion.com.ar\/?product=tunita","name":"TUNITA - Espacioiluminacion","isPartOf":{"@id":"http:\/\/espacioiluminacion.com.ar\/#website"},"datePublished":"2022-12-01T11:09:08+00:00","dateModified":"2022-12-01T11:09:08+00:00","breadcrumb":{"@id":"http:\/\/espacioiluminacion.com.ar\/?product=tunita#breadcrumb"},"inLanguage":"es-AR","potentialAction":[{"@type":"ReadAction","target":["http:\/\/espacioiluminacion.com.ar\/?product=tunita"]}]},{"@type":"BreadcrumbList","@id":"http:\/\/espacioiluminacion.com.ar\/?product=tunita#breadcrumb","itemListElement":[{"@type":"ListItem","position":1,"name":"Inicio","item":"http:\/\/espacioiluminacion.com.ar\/"},{"@type":"ListItem","position":2,"name":"Cat\u00e1logo","item":"http:\/\/espacioiluminacion.com.ar\/?page_id=74"},{"@type":"ListItem","position":3,"name":"TUNITA"}]},{"@type":"WebSite","@id":"http:\/\/espacioiluminacion.com.ar\/#website","url":"http:\/\/espacioiluminacion.com.ar\/","name":"Espacioiluminacion","description":"","publisher":{"@id":"http:\/\/espacioiluminacion.com.ar\/#organization"},"potentialAction":[{"@type":"SearchAction","target":{"@type":"EntryPoint","urlTemplate":"http:\/\/espacioiluminacion.com.ar\/?s={search_term_string}"},"query-input":"required name=search_term_string"}],"inLanguage":"es-AR"},{"@type":"Organization","@id":"http:\/\/espacioiluminacion.com.ar\/#organization","name":"Espacioiluminacion","url":"http:\/\/espacioiluminacion.com.ar\/","logo":{"@type":"ImageObject","inLanguage":"es-AR","@id":"http:\/\/espacioiluminacion.com.ar\/#\/schema\/logo\/image\/","url":"http:\/\/espacioiluminacion.com.ar\/wp-content\/uploads\/2022\/08\/logo.png","contentUrl":"http:\/\/espacioiluminacion.com.ar\/wp-content\/uploads\/2022\/08\/logo.png","width":1080,"height":1080,"caption":"Espacioiluminacion"},"image":{"@id":"http:\/\/espacioiluminacion.com.ar\/#\/schema\/logo\/image\/"}}]}},"_links":{"self":[{"href":"http:\/\/espacioiluminacion.com.ar\/index.php?rest_route=\/wp\/v2\/product\/1347","targetHints":{"allow":["GET"]}}],"collection":[{"href":"http:\/\/espacioiluminacion.com.ar\/index.php?rest_route=\/wp\/v2\/product"}],"about":[{"href":"http:\/\/espacioiluminacion.com.ar\/index.php?rest_route=\/wp\/v2\/types\/product"}],"replies":[{"embeddable":true,"href":"http:\/\/espacioiluminacion.com.ar\/index.php?rest_route=%2Fwp%2Fv2%2Fcomments&post=1347"}],"wp:featuredmedia":[{"embeddable":true,"href":"http:\/\/espacioiluminacion.com.ar\/index.php?rest_route=\/wp\/v2\/media\/1181"}],"wp:attachment":[{"href":"http:\/\/espacioiluminacion.com.ar\/index.php?rest_route=%2Fwp%2Fv2%2Fmedia&parent=1347"}],"wp:term":[{"taxonomy":"product_cat","embeddable":true,"href":"http:\/\/espacioiluminacion.com.ar\/index.php?rest_route=%2Fwp%2Fv2%2Fproduct_cat&post=1347"},{"taxonomy":"product_tag","embeddable":true,"href":"http:\/\/espacioiluminacion.com.ar\/index.php?rest_route=%2Fwp%2Fv2%2Fproduct_tag&post=1347"}],"curies":[{"name":"wp","href":"https:\/\/api.w.org\/{rel}","templated":true}]}}